101001110111000 (base 2) in base 4?
-11031032320
Convert 25291 (base 13) to base 14.
1adb5
What is 3105613 (base 9) in base 3?
10010012200110
Convert ca950 (base 14) to base 9.
826460
Convert 93da (base 15) to base 3.
1120212121
-23314 (base 7) to base 8
-13545
Convert -21120121221 (base 3) to base 8.
-443265
What is 733728 (base 9) in base 14?
b4b70
-212212303 (base 4) to base 13
-56c8c
What is -155221 (base 9) in base 15?
-1d53a
1011122221100 (base 3) to base 5
124421000
Convert ac788 (base 13) to base 15.
62c49
-2102010022010 (base 3) to base 15
-1a4bd6
Convert -11031100013 (base 4) to base 11.
-8525a9
What is 42780a4 (base 11) in base 12?
2628937
Convert 2278580 (base 12) to base 2.
11001010010100000110000
What is 1110110100111010101001 (base 2) in base 15?
51b976
What is 37253 (base 10) in base 9?
56082
-40e42d (base 16) to base 12
-1511091
136378 (base 10) to base 8
412272
Convert 360b99 (base 12) to base 10.
872613
What is 210121200023 (base 4) in base 7?
144050126
Convert 43331 (base 5) to base 12.
1872
284554 (base 9) to base 4
222132010
Convert 45087 (base 13) to base 7.
1031265
What is -262882 (base 9) in base 11?
-a9a41
What is -3431121423 (base 5) in base 14?
-103b7a8
Convert 1401b1 (base 15) to base 3.
1210212222111
Convert -10431232 (base 5) to base 2.
-10110101000010100
What is 1351252 (base 7) in base 13?
64249
What is -c0d90 (base 14) in base 9?
-776024
Convert -2154842 (base 11) to base 2.
-1110011011110000100100
Convert 24a90a7 (base 11) to base 2.
10000100100111111101000
What is -9b561 (base 13) in base 10?
-282140
Convert b5b68 (base 14) to base 5.
103013134
4a9a (base 14) to base 8
31420
Convert d0567 (base 16) to base 15.
11cca1
-196a409 (base 11) to base 3
-20020210211211
What is 5421535 (base 7) in base 3?
1020120120101
556758 (base 11) to base 12
369624
Convert 65677 (base 10) to base 13.
23b81
Convert -8a830 (base 11) to base 4.
-200011233
What is 101212100 (base 3) in base 4?
1323300
Convert 3664874 (base 10) to base 7.
43102523
Convert 1011101010111000000 (base 2) to base 12.
165368
Convert -11640124 (base 9) to base 14.
-a83655
Convert 3057461 (base 8) to base 3.
1112012012200
Convert 512012103 (base 6) to base 15.
b84680
Convert 145610 (base 9) to base 15.
1b773
-12651 (base 11) to base 15
-555a
What is 1951002 (base 10) in base 3?
10200010021100
What is -20131231112 (base 4) in base 10?
-2218838
-e353 (base 16) to base 5
-3330240
What is d4946 (base 15) in base 8?
2443664
Convert -401244 (base 9) to base 2.
-111001111001000111
What is -102200002122 (base 3) in base 8?
-700512
Convert 13021231133 (base 4) to base 15.
270758
Convert -114213320 (base 5) to base 15.
-a98aa
10010001010011100001 (base 2) to base 14
116c81
Convert 545064 (base 9) to base 12.
138234
What is 69a670 (base 15) in base 13?
107934c
Convert 51340 (base 13) to base 8.
434231
Convert 100001103100 (base 4) to base 2.
10000000001010011010000
What is -2203232303 (base 4) in base 11?
-418956
What is 2005340 (base 6) in base 5?
11011044
Convert -12102100111010 (base 3) to base 10.
-2880633
Convert -1f3e53 (base 16) to base 15.
-2a6a4b
Convert -40b8b5 (base 13) to base 8.
-5606667
What is -1102333321 (base 4) in base 12?
-1448a1
Convert -1214110 (base 6) to base 14.
-1968a
What is -4321882 (base 10) in base 7?
-51510145
Convert -1306063 (base 7) to base 15.
-3564d
What is 22351354 (base 6) in base 11?
427458
-73235152 (base 8) to base 9
-32225408
What is 731e6 (base 16) in base 15?
94aa1
What is -2983667 (base 10) in base 9?
-5546735
What is -6b649 (base 12) in base 2?
-100011001111011001
Convert 11001010110101001100111 (base 2) to base 16.
656a67
36735617 (base 8) to base 16
7bbb8f
Convert -23341333 (base 5) to base 4.
-310202302
What is 3320404 (base 8) in base 12?
370a84
134535141 (base 7) to base 5
4223032212
Convert -1707783 (base 9) to base 4.
-3220010001
What is -13416306 (base 8) in base 12?
-1018a32
1011a16 (base 14) to base 5
3414311201
12772416 (base 9) to base 5
3103310133
-1859189 (base 12) to base 10
-5096121
b8918 (base 13) to base 15
68b44
-343111124 (base 5) to base 3
-2212222211221
Convert -220200231 (base 4) to base 8.
-504055
Convert -23581 (base 10) to base 15.
-6ec1
Convert -8c3a1 (base 13) to base 3.
-110222110121
Convert -2050134 (base 10) to base 14.
-3b51c2
Convert 20411515 (base 7) to base 9.
3206637
Convert 124a6a (base 11) to base 16.
3014f
What is 6ec35d (base 15) in base 12?
193a907
-5800330 (base 9) to base 14
-5b689d
558238 (base 15) to base 12
14477bb
25365 (base 15) to base 7
1003430
What is -110200100102 (base 3) in base 15?
-4de32
Convert -1682577 (base 9) to base 14.
-1a68a0
1110011100111111111001 (base 2) to base 12
1328709
Convert 1a38b2 (base 12) to base 2.
1110000111101000110
-693554 (base 11) to base 14
-209c28
a96727 (base 13) to base 12
1401935
What is -4313131311 (base 5) in base 14?
-12d38d7
Convert 110010111011110011011000 (base 2) to base 4.
302323303120
What is 3d4ac (base 16) in base 13?
8a369
What is -121030331 (base 4) in base 7?
-606650
Convert -68548 (base 12) to base 3.
-21001200202
What is -91c2c (base 15) in base 12?
-1a3266
Convert 11001202111021 (base 3) to base 15.
2ca1aa
What is 11011111100101011010 (base 2) in base 12?
381b8a
What is 6597 (base 16) in base 7?
135552
What is -1044422 (base 6) in base 11?
-36797
What is 1550534 (base 6) in base 12?
4544a
Convert 21232256 (base 7) to base 11.
1024181
-251858 (base 9) to base 4
-211030031
Convert -1300011023 (base 4) to base 8.
-1600513
Convert 82201 (base 14) to base 12.
131309
351715 (base 12) to base 5
204243204
Convert -987989 (base 14) to base 8.
-23557305
Convert -7591b (base 15) to base 3.
-200222001222
What is -1532434 (base 11) in base 12?
-a66582
Convert 3032011221 (base 4) to base 2.
11001110000101101001
What is 26166 (base 9) in base 4?
10103211
What is -13684 (base 9) in base 11?
-6aa4
Convert -2303 (base 11) to base 7.
-11554
What is 211100100 (base 3) in base 4?
3332202
3b1382 (base 12) to base 2
11101110011111010010
Convert -111002210122 (base 3) to base 13.
-90521
What is -40111513 (base 7) in base 5?
-1322021403
What is 2b46 (base 15) in base 8?
22113
What is 19a5872 (base 13) in base 9?
16833746
Convert 4215240 (base 7) to base 8.
1741044
22211321101 (base 4) to base 9
5201764
-1220344040 (base 5) to base 10
-2903020
Convert 214241013 (base 6) to base 13.
a48bb1
Convert -244330031 (base 5) to base 9.
-2168470
What is -4050c (base 13) in base 11?
-79528
-1011111011011111000 (base 2) to base 8
-1373370
Convert -3403530 (base 6) to base 7.
-1314135
What is -433020233 (base 5) in base 8?
-7023514
-102444520 (base 6) to base 10
-1810272
10101110001010100111 (base 2) to base 3
1100020120121
10101111001011100110 (base 2) to base 6
23213542
11212210120022 (base 3) to base 5
1131003240
Convert 10333211213 (base 4) to base 5.
313342111
Convert 1765126 (base 8) to base 15.
a3a7c
8389665 (base 10) to base 16
800421
292ad (base 16) to base 15
34e66
-4116632 (base 9) to base 7
-24445046
-27458601 (base 9) to base 16
-ceee01
150044 (base 6) to base 11
a806
3737266 (base 10) to base 9
7025507
Convert 111122302132 (base 4) to base 3.
101120020222201
Convert -11111122323 (base 4) to base 9.
-2561283
Convert 41515661 (base 7) to base 11.
1a8091a
-10a2c4 (base 13) to base 8
-1401041
-85575 (base 10) to base 15
-1a550
What is -382b6 (base 16) in base 11?
-147945
What is 2002012200 (base 3) in base 9?
62180
What is -315db (base 15) in base 10?
-156581
Convert 32221024 (base 6) to base 13.
274120
What is 62a736 (base 13) in base 7?
25422043
-1c0be (base 15) to base 16
-164a8
Convert -11122303100 (base 4) to base 3.
-2200011112222
23115 (base 10) to base 12
11463
What is 1311101311 (base 4) in base 14?
c70c5
What is -22000313 (base 4) in base 9?
-62232
Convert 124454534 (base 6) to base 11.
14338a3
What is -190830 (base 10) in base 9?
-320683
202221033230 (base 4) to base 13
1b5c98a
-13c3a76 (base 14) to base 2
-100100101011001111011000
What is -254252444 (base 6) in base 4?
-102330323230
What is 40e8c8 (base 16) in base 6?
231101544
Convert -511de3 (base 15) to base 12.
-135a3b9
Convert 122002112211 (base 3) to base 16.
52255
What is 400573 (base 14) in base 15?
2c7b1c
What is -1379785 (base 14) in base 2?
-100100000000001110011001
Convert 